 38*m + 30. Let s = 93 + -55. Let p(k) = -40 - 2*k + 0*k + s. What is p(m)?
10
Let r = 17 - 14. Let c(a) = -2*a - 50 - 7*a**2 + 41 + 0*a**3 - 3*a - a**r. Determine c(-6).
-15
Let d = -2 - -8. Suppose 0 = -l + 3*l - 12. Let v(r) = 5*r - l*r + r**3 + 0*r**3 - 20*r**2 + 13*r**2 - 9 + 9*r. Calculate v(d).
3
Let l(f) = -236*f + 260*f - 258 + 85 + 85 + 70. Determine l(-3).
-90
Let g(r) = r**3 - 7*r**2 - 10*r + 11. Let a(b) = -b**3 - 11*b**2 - 9*b + 18. Let w = -104 - -94. Let d be a(w). What is g(d)?
-5
Let n(u) = -u**3 - u**2 + 9*u + 4. Let h(w) = -119*w - 711. Let g be h(-6). Give n(g).
-5
Let k(t) = -20*t - 10 + 85*t**2 - 171*t**2 + 85*t**2. Calculate k(-19).
9
Let o(c) = -c + 14. Let k(d) = -d**3 - 3*d**2 + 2*d - 5. Let s be k(-4). Suppose -g - s*g = -8. Let u be (-140)/(-15) - g/(6*1). What is o(u)?
5
Let a(l) = -l**2 - 11*l - 12. Suppose -5*z + z + 8 = -4*w, 4*z - 8 = 5*w. Let j = w + -9. What is a(j)?
6
Let v(i) = 91*i - 13*i - 23 - 80*i. What is v(6)?
-35
Let f(t) = 11*t**2 + 14702*t + 2 + t**3 - 7345*t - 7344*t. Give f(-10).
-28
Let u(x) = 3*x + 5. Suppose -a - 8 = -3*a. Let n(s) = -4*s - 6. Let d(v) = a*n(v) + 5*u(v). Let k = -14466 + 14460. What is d(k)?
7
Let w(l) = l**3 + 2*l**2 - 3*l. Suppose 2*u + 51 - 34 = -7*g, -7 = 2*u - 3*g. Give w(u).
-60
Let n(k) be the second derivative of k**4/24 + k**3/3 - 9*k**2/2 - 5*k. Let s(r) be the first derivative of n(r). Let v be ((-60)/48 - (-6)/8)*-14. Give s(v).
9
Let k(t) be the third derivative of -t**8/20160 + t**7/560 + 11*t**6/720 - 7*t**5/60 + 2*t**2 + 9*t. Let q(i) be the third derivative of k(i). Give q(10).
1
Let k(c) = -c**3 - c**2 - 9. Let x be k(-3). Let w(z) be the first derivative of 0*z + 1/3*z**3 - 1/2*z**2 + 2*z**4 + x. Calculate w(1).
8
Let b(j) = -5*j**2 - 5*j + 89. Let w(p) = -2*p**2 - 2*p + 46. Let c(z) = -3*b(z) + 7*w(z). Determine c(0).
55
Let u be 14 + -17 + (5 - 0). Let q(r) = -3*r - u - 3*r + 9*r + 1. Let d be 1/(-2) + 15/10. Give q(d).
2
Suppose 0 = 7*j + 251 - 223. Let h(t) = t**3 - t**2 + t + 1. Let r(o) = -7*o**3 + 2*o**2 - 4*o. Let a(n) = -6*h(n) - r(n). Calculate a(j).
2
Let r(a) = -a**2 + a + 13. Let u(c) = c**2 - c - 1. Let z(m) = r(m) + 2*u(m). Suppose 25*v + 7 - 6 = 1. What is z(v)?
11
Suppose u - 23 = 3*z + 8, 0 = -3*u + 3*z + 87. Let k(i) = -15*i + u - 26 + 13*i. Suppose -3*m - 9 = 0, -2*g - 7 = -3*g + m. Determine k(g).
-6
Let r(n) = -2*n**3 + 87*n**2 - 17*n + 59. Let p(s) = 3*s**3 - 117*s**2 + 22*s - 79. Let i(h) = -8*p(h) - 11*r(h). Calculate i(-11).
-17
Suppose -21 + 23 = h. Suppose -h*g = -0*g - 6. Let l(q) = -4*q**g - 6*q + 1 - 2*q + 10*q. What is l(-1)?
3
Let i be (5/4)/(-4 + (-63)/36 - -6). Let a(b) = 4*b**2 - 4*b - 3. Calculate a(i).
77
Let s = 613 - 597. Let j(b) = -5*b + 15. Let f(c) = -9*c + 29. Let n(p) = -4*f(p) + 7*j(p). Calculate n(s).
5
Let u(k) = -2*k + 8*k + 3*k**2 - 2*k**2 - 5*k - 1. Suppose g + 2*m - 4*m = 10, -m - 12 = -g. Suppose 11*n = g*n. What is u(n)?
-1
Let f(n) = 4*n + 27. Suppose 17 = -4*i + b - 11, -i - 5*b = -14. Let j be f(i). Let o(m) = -2*m - 3 - 1 + j. What is o(-4)?
7
Let z(g) be the second derivative of 1/6*g**3 - g + 0 + 0*g**2. Let k(h) = -38*h**3 - 224*h**2 + 11*h - 78. Let b be k(-6). Determine z(b).
0
Let u(b) = -b**2 - 10*b - 22. Let x be (234/(-312))/((-9)/(-96)). Calculate u(x).
-6
Let m(x) = -x + 40. Suppose 37 = -2*p + z + 33, -3*z = 4*p - 12. Give m(p).
40
Suppose -2*r + 17 = -3*b, -34 = 8*b - b + r. Let i(o) = 2*o**3 + 9*o**2 - 7*o - 11. Give i(b).
-1
Let x(v) be the third derivative of v**4/24 - 3*v**3/2 - 119*v**2. Let o(m) = 2*m - 21. Let k(q) = 2*o(q) - 5*x(q). Determine k(6).
-3
Let d(k) = 3*k**2 - k - 1. Let t = 2 + -17. Let l(n) = -n**2 - 13*n - 6. Let q be l(t). Let y = q - -35. Calculate d(y).
3
Let a(v) be the second derivative of -1/6*v**3 + 0 - 22*v - v**2 + 1/6*v**4. Suppose 0 = -k + 4 - 2. Calculate a(k).
4
Let i(f) be the first derivative of -5*f**2 + 10*f + 1/4*f**4 + 18 - 2*f**3. Calculate i(7).
-11
Suppose -86*h + 83*h + 75 = 0. Suppose -9*t = -2 - h. Let y(u) = -4*u + 3*u + 0*u + 5 + t*u. What is y(6)?
17
Suppose -15*v + 4 = -176. Suppose -4*p + 4*r - v = 0, -r + 10 = -2*p - 3*r. Let h(z) = z**3 + 7*z**2 + 5*z - 4. Determine h(p).
24
Let h(p) be the third derivative of p**5/30 - 17*p**4/12 - 31*p**3/6 - 2304*p**2. Calculate h(17).
-31
Let q(m) be the first derivative of m**3/3 - 5*m**2 - 122*m - 2710. Give q(-7).
-3
Suppose 137*j = 287*j - 144*j - 96. Let q(d) = -5*d**3 - 55*d**2 - 5*d - 8. Let k(p) = p**3 + 14*p**2 + p + 2. Let r(z) = -9*k(z) - 2*q(z). Calculate r(j).
14
Let g = 19 + -16. Let k(i) be the second derivative of -2*i**3/3 - 2*i**2 - 8*i. Let v(n) = -n - 1. Let r(y) = 6*k(y) - 22*v(y). Give r(g).
-8
Let i(r) = 13*r**3 - 2*r + 1. Suppose 17*t = 13*t - 20. Suppose 2*h - 3*h = -4*d - 12, 2*d + 24 = -4*h. Let j be (t/(-10))/((-2)/h). Calculate i(j).
12
Let j(f) be the first derivative of -f**4/4 - 7*f**3/3 + f**2 + 10*f - 7. Let r(h) = -3*h**2 + 36*h - 7. Let o be r(12). What is j(o)?
-4
Let s(w) = w**2 + 3*w - 5. Let d = -39 + 98. Let f = -65 + d. Let l be (4 - f)*(-3 + (-5)/(-2)). Calculate s(l).
5
Let y(j) = -j + 24. Suppose 96 = 21*v + 54. Suppose h = 3*p - 20 - 31, -p - v*h + 17 = 0. Determine y(p).
7
Let y(s) = -s**2 + 16*s + 27. Let t be y(18). Let m(p) = p**3 + 7*p**2 - 20*p - 21. What is m(t)?
-3
Let l(w) = -10*w + 2. Let d be l(-21). Let a(h) = 412 - d + 3*h - 209. Give a(5).
6
Let q(c) be the third derivative of c**6/120 - 7*c**5/60 + 7*c**4/24 - 5*c**3/6 - 16*c**2. Let f be 9 - 1 - (-2 + 11 + -7). Determine q(f).
1
Let x(o) = 41*o**3 - 2*o**2 + o + 1. Let m be x(1). Suppose -y + 19 = 2*y + l, -5*y + 3*l = -m. Let g(n) = 5*n + 1. What is g(y)?
36
Suppose -j + 29 = -4*n, -218 = 5*n + 3*j - 186. Let m(l) = 5*l + 34. Determine m(n).
-1
Let o(n) be the first derivative of 3/2*n**2 + 0*n + 1/3*n**3 - 33. Let f = 6 + -8. Give o(f).
-2
Let r(b) = b**3 + 5*b**2 - 21*b - 31. Let x = 1695 - 1702. Calculate r(x).
18
Let o(v) be the third derivative of -v**4/8 - 11*v**3/3 + 8*v**2 - 5. Let z be o(-4). Let q(d) = -d - 6. What is q(z)?
4
Let t(j) = 2*j**3 + 9*j**2 - 4*j + 14. Let y be t(-5). Suppose -21 = -6*x - y. Let s(m) = -4*m - 2. Calculate s(x).
-10
Let t(r) be the second derivative of r**5/24 + 3*r**4/8 + 11*r**3/2 - r**2 + 5*r - 10. Let n(d) be the second derivative of t(d). Determine n(-6).
-21
Let c(y) = y**2 + 4*y + 11. Let m be -23 + 0 - (-50 - -36). Calculate c(m).
56
Let p(t) be the second derivative of -t**3/6 + 11*t**2/2 - 2210*t + 1. Give p(-16).
27
Let c(u) = -u**3 + 7*u**2 - 12*u + 2. Let p = 10 + -23. Let j = p - -16. Let f be c(j). Let n(r) = r**3 - 2*r. What is n(f)?
4
Suppose 24*z - 2*z = 45*z + 46. Let v(p) = 8*p**2 - 6*p - 2. What is v(z)?
42
Let y be (2/(-4))/(2/(-196)). Let n(f) = 1 - y*f**2 + 24*f**2 + 24*f**2. Suppose -s = -4*q + 5, 4*s = q + 3 + 7. Calculate n(q).
-3
Let h(i) = -3*i + 11. Let z(q) = q + 41. Let s be z(0). Suppose -22*p = -s*p. Determine h(p).
11
Let b(y) = 9*y**2 - 26*y**3 + 29*y**3 - 147*y + 148*y - 2. Let t(g) = g**3 + g + 1. Suppose 2*n + 4 = 4*n. Let h(l) = n*t(l) - b(l). Determine h(-9).
-5
Let f(b) be the first derivative of -b**3/3 + 7*b**2/2 + 3*b + 2097. What is f(0)?
3
Let m(a) = -2*a**2 + 22*a + 18. Let h(z) = -z**2 + 11*z + 11. Let i(d) = -7*h(d) + 4*m(d). Give i(12).
-17
Let c(f) be the second derivative of -f**4/6 - 5*f**3/2 - 11*f**2/2 + 1991*f - 2. Calculate c(-6).
7
Let n(k) = -k**3 + 5*k**2 - 2*k - 19. Let z(s) = -2*s**3 + 9*s**2 - 2*s - 40. Let y(d) = -5*n(d) + 2*z(d). Calculate y(5).
-5
Let a = -10390 + 10395. Let l(o) = 7*o - 1 + 2*o**2 - 3 - 2*o**2 - o**2. Calculate l(a).
6
Let z be 20*(4 - (-90)/(-24)). Let v(m) = m**2 - 21*m + 87. What is v(z)?
7
Let n be 528 + 0 - (-3 - 0/(-8)). Let a = n + -525. Let t(p) = p + 3. Calculate t(a).
9
Suppose 0 = -x + 8 - 3. Suppose -2*v - 15 = -x*v. Let y(z) be the first derivative of z**3/3 - 7*z**2/2 + 6*z + 127. Calculate y(v).
-4
Let r(k) = -8*k**2 + 302 + 304 + 3*k**2 - 15*k - 602. Let v be r(-4). Let h(z) = z**2 + 18*z + 33. What is h(v)?
1
Let i(v) = v**3 - 46 - 4*v**2 + 0 + 2*v + 24 - 7*v**2. Determine i(11).
0
Let y(v) = -282*v + 45. Let k(j) = 162*j - 22. Let z(d) = 7*k(d) + 4*y(d). Determine z(-5).
-4
Let m(c) = 6*c + 6. Let h(z) = 5*z + 5. Let x(s) = 5*h(s) - 4*m(s). 